14. Let x be 3 + 1 - o - 1. Suppose 2*k = 5*v - 131 + 11, 3*v = 4*k + x. What is the highest common divisor of 11 and v?
11
Let g be 244/8*18 - (-36)/6. Calculate the greatest common divisor of 90 and g.
15
Let s(y) = -y**3 + 3*y**2 - 29*y + 200. Let n be s(5). Suppose -2*w + 400 = 3*w. What is the highest common divisor of w and n?
5
Let z be (-18)/81*27/(-3). Suppose 2*d + 291 = 5*r + 6*d, -3*d + 122 = z*r. What is the greatest common factor of r and 55?
55
Let g(u) = -u**2 + 22*u - 128. Let c be g(17). Let f be c/(-4)*(-5 + 16 + -3). Calculate the greatest common divisor of 1548 and f.
86
Let v = 590 + -650. Let s be (-972)/(-16) - v/(-80). What is the greatest common factor of 8 and s?
4
Let g = 12 - -6. Let d(x) = -21*x - 141. Suppose l - 1 = -2*k - 19, -k + 27 = -4*l. Let v be d(l). Calculate the highest common divisor of v and g.
9
Suppose 33*f - 463 = -397. Suppose 0 = 5*g + 6 + 9. Let r = g + 9. What is the greatest common factor of r and f?
2
Let b be 310/15*6/4. Let c = -28 + b. Suppose -63 - 9 = -c*k - 3*g, -3*g = -k + 36. What is the highest common factor of k and 297?
27
Let n = -186 + 351. Let i be 2385/n + -15 - 122/(-22). What is the highest common divisor of 15 and i?
5
Let w(j) = j**3 - j**2 - 2*j - 41. Let i be w(0). Let m = 9 + i. Let h be 36/6*m/(-3). Calculate the greatest common divisor of h and 8.
8
Suppose 0 = 104*h - 99*h - 875. Suppose 36 = 5*y - 24. Suppose 17*x - y*x - h = 0. Calculate the greatest common divisor of x and 7.
7
Suppose -39*o + 331 = 2178 - 47750. Calculate the highest common factor of o and 1391.
107
Suppose -j + 3699 = -4*h, 2*j - 7467 + 135 = -3*h. What is the greatest common factor of j and 147?
147
Let u be (52/2)/((-272)/72 - -4). Suppose 0 = 3*w - 35 - 82. What is the greatest common factor of w and u?
39
Suppose 0 = -2*i + 4*n + 46 + 84, n = 0. Let g be 476/24 + 1/6. Let k = g - 7. Calculate the highest common factor of i and k.
13
Let k be ((-3 + 0)/(11/(-737)))/((-6)/(-20)). What is the highest common factor of k and 40?
10
Let z(j) = j**3 + 37*j**2 - 27*j + 424. Let u be z(-38). What is the highest common factor of u and 1622?
2
Suppose 0 = 5*d - 20, u - 5*d = -0*u + 38. Let k = u - -42. What is the greatest common divisor of 40 and k?
20
Suppose 12*q - 18 = 3*q. Suppose 5*z + 12 = q*c, -7*z = -12*z. Calculate the highest common divisor of 6 and c.
6
Suppose -23*p + 14*p - 189 = 0. Let j be 2 - p/(-9) - 208/(-12). Let o = 174 - 55. What is the greatest common factor of o and j?
17
Suppose 4*n = 6*n. Suppose c + 4*c - 1750 = n. What is the greatest common divisor of c and 100?
50
Suppose -253*a - 3525 = -258*a. What is the greatest common divisor of a and 105?
15
Suppose -3*v - 3*b = -4152, -3568 = -2*v + 3*b - 870. Suppose 3*s - l + 5 = 34, 0 = -s + 5*l + 5. What is the greatest common factor of s and v?
10
Suppose -178*m = -168*m - 909 - 251. Calculate the highest common divisor of 174 and m.
58
Let b(f) = -f**3 + 46*f**2 + 43*f + 243. Let s be b(47). What is the highest common divisor of 2585 and s?
55
Suppose 2*d + 151 - 153 = 0. Suppose 9*q - 6*q = 15, d = g - q. Calculate the highest common divisor of 18 and g.
6
Suppose 2*n = -10, 4*i + 0*n + 2*n - 22 = 0. What is the highest common factor of i and 133?
1
Let z(v) = 148*v + 222. Let x be z(40). Calculate the greatest common divisor of x and 74.
74
Let o = 380 + -62. Let p = o + -289. What is the greatest common divisor of 2 and p?
1
Suppose 2*v = -2*o, 3*o = -4 - 2. Let q = 9669 + -9643. What is the greatest common factor of q and v?
2
Let b = 73 + -68. Suppose -b*m = -k - 8 + 33, -19 = 4*m - k. Let p(z) = z + 38. Let i be p(m). Calculate the greatest common factor of i and 32.
32
Let d be ((-574)/42 + 17)/(2/312). What is the highest common factor of 1235 and d?
65
Suppose -1081 - 74 = -3*z. Suppose 5*s - 6 = 2*s, 2*p + 2 = 3*s. Suppose -2*c - 3*d + 146 = 2*c, -3*d - 64 = -p*c. What is the highest common factor of z and c?
35
Suppose j - 100 = -3*k + 5*j, 0 = -2*k - 3*j + 95. Let x = 2300 - 1140. Calculate the highest common divisor of k and x.
40
Let b be 132/(58473/(-3249) + 18). Calculate the greatest common factor of 132 and b.
132
Let o(y) = 8*y**3 - 98*y**2 - 17*y + 20. Let a be o(16). What is the greatest common divisor of 24 and a?
12
Suppose 0 = 22*n - 81 + 37. Let h(g) = 4*g**3 + 2*g**2 + 2*g - 2. Let d be h(n). What is the highest common divisor of d and 126?
42
Let o(c) = 50*c + 73. Let q be o(-5). Let u = 254 + q. Calculate the greatest common divisor of 110 and u.
11
Let f(l) = 37*l - 173. Let u be f(6). What is the highest common divisor of u and 6125?
49
Let x be (-224 - -86)*(-1)/2. Suppose 17 + 3 = 4*s. Suppose 0 = w + k - 231, -w + x = s*k - 162. What is the greatest common divisor of w and 21?
21
Let k(s) = 32*s**2 + s - 1. Suppose -3*a + 2 = -1. Let u be k(a). Let v = -316 + 668. What is the highest common divisor of v and u?
32
Let i be 438/(-90) - (-8)/(-60) - -365. Suppose 21*x = 29*x - i. Calculate the highest common factor of x and 18.
9
Let r = 63 + -61. Suppose 5*v + 4*i = 4*v + 25, 26 = 2*v + r*i. Suppose -8*w + v*w - 15 = 0. What is the greatest common factor of w and 3?
3
Suppose 13 = 14*v + 111. Let b(u) = u**3 + 7*u**2 - 2*u - 7. Let j be b(v). Let d = 11 - -45. Calculate the highest common factor of j and d.
7
Suppose -400 = -2*m - c, -m + 5609*c = 5614*c - 218. Let h be (110/35)/(3/21). Calculate the highest common factor of m and h.
22
Let i(c) = -5*c - 3. Let m be i(-3). Let b be (-68)/(-510) - (-1 - (-3116)/(-30)). Suppose 12*g = 183 + b. What is the greatest common divisor of m and g?
12
Let c = -36 + 2. Let y = 62 + c. Let b = -234 - -430. Calculate the greatest common divisor of b and y.
28
Let u be ((-6)/(-11))/3 - (-2448)/88. Suppose 27 = -q + 3*j, 0*j + 3*j = -4*q - 63. Let s be 16/(-10)*315/q. Calculate the greatest common factor of s and u.
28
Suppose -15740 = -5*l - 4*o, 5*l + 64*o = 65*o + 15715. Calculate the highest common divisor of 24 and l.
24
Let b(z) = -z + 20. Let x be b(0). Let l = 64285 + -64270. Calculate the greatest common factor of l and x.
5
Let b = 300 - 294. Let q be (-1 + -7)*b*8/(-6). Calculate the greatest common divisor of 2 and q.
2
Let u(b) = -b**3 - 11*b**2 - 8*b + 20. Suppose -12*j + 8*j - 20 = 0. Let m = -6 + j. Let w be u(m). Calculate the highest common factor of w and 36.
36
Let r = -1038 - -1086. What is the highest common divisor of 438 and r?
6
Suppose -r - 5*f = 3*r - 248, -2*r + f = -110. Suppose 0 = -2*v + 6, -3*v + 429 - r = 3*n. Let o = -2056 + 2067. What is the highest common divisor of o and n?
11
Let u(b) = 42*b**3 + 4*b**2 + 5*b - 6. Let g be u(1). Let p be 314 - (1 + -3 - -1). Calculate the highest common divisor of g and p.
45
Let y(p) = p**2 - 9*p - 2. Let j be y(4). Let d = j - -16. Let a be 10 - (17/(-15) - d/45). Calculate the highest common divisor of a and 44.
11
Let z be 8/4*((-43677)/18)/(-23). What is the greatest common divisor of z and 5?
1
Suppose 68*v = 2039 + 4081. What is the greatest common divisor of 170 and v?
10
Suppose i + 5*r - 869 = 0, 6*i - 5*r = 10*i - 3461. Suppose 0 = 23*q - 14*q - i. Suppose -a = a - q. What is the greatest common divisor of 12 and a?
12
Suppose 9 = 14*b + 9. Suppose 0 = -b*g - 13*g + 312. Let h = 69 + g. Calculate the highest common divisor of 62 and h.
31
Suppose -2*m - 391*w = -387*w - 472, w - 490 = -2*m. Calculate the greatest common factor of 272 and m.
8
Let i(u) be the first derivative of u**4/4 + 10*u**3/3 + 13*u**2/2 + 38*u + 22. Let r be i(-9). Calculate the highest common divisor of r and 74.
2
Let s = -2851 - -2965. What is the highest common divisor of 2451 and s?
57
Suppose 45*r - 4032 = -19*r + 8*r. What is the highest common factor of 148 and r?
4
Suppose -4*a - 5*g = -611, 5*a = 2*g + 3*g + 820. Calculate the greatest common factor of a and 2279.
53
Let p = 259 - 546. Let o = -194 - p. Calculate the greatest common factor of 155 and o.
31
Let s = 15 + -12. Suppose 1 - 6 = -s*n + 5*q, 3*n + 5*q = 25. Let c = n + -4. Calculate the highest common divisor of c and 1.
1
Suppose -4*x + 24 = -2*x. Suppose 5*l = -a + 197, a + 203 = 5*l - 0*l. Let k = l + x. What is the greatest common divisor of k and 13?
13
Let c(m) = 7 + 12*m + 2*m**3 - 5*m - 14*m**2 + m**2 + m. Let p be c(6). What 